ctor of c and 12?
6
Let o = -146 + 148. What is the greatest common divisor of 7 and o?
1
Let w(q) = q + 1. Let p be w(1). Suppose o - p*o = -7. Let f = o - 4. Calculate the greatest common divisor of 3 and f.
3
Suppose 0 = -w + 7*w - 270. Suppose f - 4 - 5 = 0. Calculate the highest common factor of f and w.
9
Suppose 1 = -p - 5*u, -7*p + 14 = -3*p + 2*u. Suppose -12 = 2*m - p*m. Calculate the greatest common divisor of 9 and m.
3
Let r be (-224)/(-20) + 4/5. What is the greatest common divisor of 6 and r?
6
Suppose n - 7 = -24. Let g = 43 + n. Let k = -8 - -21. Calculate the greatest common factor of g and k.
13
Suppose -3*u + n = -845, -5*u + 3*n = 236 - 1651. Let g = -190 + u. Calculate the greatest common divisor of 36 and g.
18
Let a be (6 - 3) + (-27)/(-1). Let s = -15 + a. What is the greatest common divisor of s and 30?
15
Suppose 0 = -2*y - 2*f + 93 + 43, -208 = -3*y - 5*f. Calculate the greatest common factor of y and 99.
33
Suppose 0*u - 34 = -u. Calculate the highest common factor of u and 153.
17
Let n = -2 + 3. Let p be (-44)/6*(-3)/(-2). Let d = p - -14. What is the greatest common divisor of d and n?
1
Let t(q) = -q**2 + 11*q - 4. Let y be t(8). Let a be 2/3 + y/6. Suppose -14 - 22 = -a*m. Calculate the highest common divisor of m and 18.
9
Let s be 3 - (3 + -1)/(-2). Let r = s - 2. Suppose r*i - 33 = -i. What is the greatest common divisor of 44 and i?
11
Let r(q) = q**2 - 12*q + 20. Let o be r(11). What is the highest common divisor of o and 99?
9
Suppose 3*q + 9 = 6*q. Let u be ((-36)/(-5))/(q/10). What is the highest common divisor of 12 and u?
12
Let c(j) = -2*j + j - 1 - 3*j - j. Let l be c(-1). What is the greatest common divisor of l and 36?
4
Let v(w) be the first derivative of w**2/2 + 15*w + 3. Let s be v(-7). Calculate the greatest common factor of 8 and s.
8
Let x = -76 - -124. Suppose 2*f + 26 = -4*i, -20 = 5*i - i - 4*f. Let c be -2 - i - (-1 + -1). Calculate the highest common factor of c and x.
6
Suppose -35*u + 33*u = -120. Calculate the greatest common factor of u and 150.
30
Let j be 121/((-1)/4 + (-20)/(-16)). Calculate the highest common divisor of j and 11.
11
Let u = 4 - 2. Suppose x - 3 = -0, -44 = u*r + 4*x. Let g be 0 - -1*2 - r. Calculate the greatest common divisor of 20 and g.
10
Let c be (-426)/36 - (-1)/(-6). Let q be -4*(9/c + 0). Let d be ((-6)/(-9))/(q/9). What is the highest common factor of d and 20?
2
Let q be (-4)/6 - (-192)/(-9). Let v be (-136)/q + 2/(-11). Let m be (4 - 1)*(-1 - -2). What is the greatest common factor of v and m?
3
Let r = -60 + 42. Let p be (-6)/r*(-3)/(-1). Let m be p/4 - (-27)/4. Calculate the highest common divisor of m and 7.
7
Let d(r) = -34*r - 7. Let y be d(-5). Suppose 5 = 5*t, 2*t = -2*h - t + y. What is the highest common factor of 10 and h?
10
Let n be 325/6 - (-2)/(-12). Calculate the greatest common divisor of n and 12.
6
Let z(l) = -l**3 + 11*l**2 + 5*l - 14. Let x be z(11). Suppose -4*p + 117 = x. Calculate the highest common divisor of 57 and p.
19
Let k(z) = -z**3 + 4*z**2 - z - 2. Let q be k(3). Let o be q - (2/(-2))/(-1). Suppose -o*g = g - 36. What is the greatest common factor of 9 and g?
9
Let q(i) = -5*i**3 + 4*i**2 + 6*i + 7. Let m be q(-2). Suppose -77 = -2*n + 127. Suppose 3*x - n = -0*x. Calculate the greatest common divisor of m and x.
17
Suppose 4*f = -4, -5*q - 3*f - 2*f + 10 = 0. What is the greatest common factor of 9 and q?
3
Suppose -n + 15 = 2. Let g(m) = 2*m**2 + 2*m + 1. Let v be g(-3). What is the highest common factor of v and n?
13
Let h be 4/10 - (-8)/5. Suppose h*s - 103 = 47. What is the highest common factor of 30 and s?
15
Let d(y) = 0*y - 2*y - 4*y - y**2 - y. Let h be d(-4). Suppose 0*l = -2*l + 120. What is the greatest common divisor of l and h?
12
Let z be (1/2*2)/1. Suppose 3*r + 5 = -b, -5*b + 3*b - 4*r = 4. Suppose -t + b - 1 = 0. Calculate the greatest common factor of t and z.
1
Suppose 0 = 25*z - 35*z + 30. What is the highest common divisor of z and 75?
3
Let v(p) = -15*p - 2. Let b be v(-4). Let h be (-1)/4 - b/(-8). Calculate the greatest common factor of 35 and h.
7
Let b = -12 - 0. Let a be 4/(-24) - 182/b. What is the highest common factor of a and 105?
15
Suppose 2*a = a + 12. Let z = 6 - 3. What is the greatest common divisor of a and z?
3
Let y(p) = -p**2 + 30*p - 45. Let j be y(13). Calculate the highest common divisor of j and 11.
11
Let a(l) = l**2 - 3*l + 1. Let z(j) = -j**2 + 7*j + 1. Let h be z(8). Let i = -4 - h. Let q be a(i). What is the greatest common divisor of 8 and q?
1
Suppose 3*t - 2 - 13 = 0. Suppose 8*s = 7*s + 45. What is the highest common factor of t and s?
5
Let p be (-16)/(-6) + 7/21. What is the highest common divisor of p and 3?
3
Let n = -85 - -95. Calculate the greatest common divisor of n and 20.
10
Suppose -3*u = -453 - 387. What is the greatest common divisor of u and 35?
35
Let x be 33/2 + 3/(-6). Calculate the greatest common factor of x and 32.
16
Suppose 4*l + 4*q + 6 = 54, -4*q = -5*l + 69. What is the highest common divisor of l and 26?
13
Suppose 0 = -2*i + 2*d + 86, -d - 25 = -4*i + 138. Suppose 0 = 4*z - i - 4. Calculate the greatest common factor of 22 and z.
11
Suppose -2*r + 4 = -2. Suppose 2*m + 2*l - 18 = 0, 4*m - 5*m + 9 = r*l. What is the greatest common factor of 9 and m?
9
Suppose -4*c = c + 165. Let k = c - -53. What is the greatest common factor of k and 4?
4
Let n(t) = -t**2 + 28*t - 33. Let w be n(26). What is the greatest common factor of w and 76?
19
Let n be (2/2)/(3 - 2). Let d(x) = 6*x - 1. Let i be d(n). Let k(r) = -15*r**3 - r**2 - r. Let f be k(-1). Calculate the greatest common factor of i and f.
5
Suppose 0 = -2*h + 2. Let j be (-4 - (0 - h))*-1. Let z be j + -1 - -29*2. What is the highest common divisor of 12 and z?
12
Let c = -8 + 88. Calculate the greatest common factor of 8 and c.
8
Let f = -11 - -6. Let l(j) = j**2 + 4*j + 6. Let p be l(f). What is the greatest common factor of p and 77?
11
Let n be 3 - 1 - 0/(-2). Let q = 10 + n. What is the highest common divisor of q and 60?
12
Let s = -94 + 105. Calculate the highest common divisor of s and 1.
1
Suppose -18 = -3*s + 12. Suppose -s*d + 13*d = 90. Suppose 4*y = 3*u - 26, 4*u - 2*y - 7 - 21 = 0. What is the highest common divisor of d and u?
6
Let b be 8*(-5)/(-10) + 10. What is the highest common factor of b and 35?
7
Let z(m) = m**3 - 6*m**2 + 11*m + 1. Let x be z(8). Let k = x + -129. What is the highest common divisor of k and 8?
8
Let g be -2 + -12*(-2 + 1). Suppose -2*m = u - 0*m - 54, -2*u - 3*m = -106. What is the greatest common divisor of g and u?
10
Let i(p) = 4*p**2 - 5*p - 4. Let v be i(3). What is the highest common divisor of v and 187?
17
Let q = -52 - -96. What is the greatest common divisor of 4 and q?
4
Suppose c - 11 = 7. Suppose 0 = -2*a - 4*x + 18, a - 2*x = -3*a + 6. Suppose -a*b + 0*b + 27 = 0. Calculate the greatest common divisor of b and c.
9
Suppose -6 = -2*r, -4*d - 21 = -r + 2*r. Let m be 10/15 + (-74)/d. Calculate the greatest common factor of m and 104.
13
Let s = -3 + 4. Let t = s - -1. Suppose 0*x = t*x - 36. Calculate the highest common divisor of x and 9.
9
Let x(n) = 3*n**2 + 4*n + 3. Let o be x(-2). Suppose 2*s + 4*r = 78, -3*r = 11 + 4. What is the highest common divisor of s and o?
7
Suppose -3*u - 28 + 238 = 0. What is the greatest common factor of 28 and u?
14
Let r = -8 - -22. What is the highest common factor of r and 21?
7
Let z(f) = -f**2 + 8*f + 4. Let s be z(8). Suppose -s*m + 5 = -3*m. What is the greatest common divisor of 5 and m?
5
Let o be (-4)/18 + (-1264)/(-18). Let x = -12 + 22. What is the greatest common divisor of x and o?
10
Let j be -1 + 1 + 12 + 44. What is the greatest common factor of j and 8?
8
Let r(h) = 10*h + 5. Let w be r(5). Let a(k) = k**2 + 2*k - 6. Let b be a(4). Let j = 40 - b. What is the greatest common factor of j and w?
11
Let t be (-4)/(8/(-2)) + 65. Let k = t - 34. Calculate the highest common factor of k and 32.
32
Let s(y) = y**3 - 2*y**2 - 7*y - 1. Let r be s(5). Suppose 148 = 2*c - n, 5*c - 5*n - 341 - r = 0. What is the greatest common divisor of 24 and c?
24
Suppose 5*o - 15 = 0, -2*o = -0*h - 5*h - 21. Suppose 9 = -3*v - 0*v. Let b be (-4)/(h - v - 2). Calculate the highest common factor of 16 an